*s**3 - 7*s**2 + 5*s - 10. Let h(n) = 3*a(n) - 4*w(n). Determine h(c).
-5
Let w(f) be the second derivative of -f**5/20 + 5*f**4/12 - f**3/2 + 2*f**2 + 2*f. Give w(5).
-11
Let v(h) = 2*h**3 - 4*h**2 - h**3 - 3 + 10*h**2 + 3*h. Let q(o) = -o**3 - 8*o**2 - 4*o + 16. Let w be q(-7). Give v(w).
7
Let h(c) be the first derivative of c**6/360 + c**5/30 - c**4/12 - 4*c**3/3 - 5. Let u(z) be the third derivative of h(z). Give u(-5).
3
Let p = 7 - 8. Let g be -4 - p - (-12 + 10). Let b(s) = 2*s**2 + s. Calculate b(g).
1
Suppose c = -m - 24, 5*c - c - 3*m + 124 = 0. Let v = -16 - c. Suppose 3*d - v = -d. Let w(n) = n**2 - 6*n + 4. What is w(d)?
-5
Let x(a) = a**3 - a**2 - a - 1. Let t(g) = 3*g**3 - 7*g**2 - g - 6*g**3 - 4*g + 6*g**3 + 3. Let c(y) = -t(y) + 2*x(y). Determine c(5).
10
Suppose 3*p + 5*m - 26 = 0, -3*p + m + 10 = 2*m. Let v(s) = s - 1 + 2*s - p*s. Suppose -t - 2*t = -3*u - 3, -2*u + t = 6. Give v(u).
-6
Let p(f) = -f**3 + 6*f**2 + 7*f + 6. Let q be p(7). Let u be ((-5)/15)/((-2)/q). Let i(j) = 2*j**3 + j. Calculate i(u).
3
Suppose -3*f = f - 3*m - 26, -5*f = -4*m - 33. Let p(q) = q**2 - 1. Let j(g) = -4*g - 2*g**2 - 3 - g**3 + 5 + 4*g**2. Let s(l) = j(l) + 4*p(l). Calculate s(f).
3
Let p(v) = -5*v. Let k(u) = u - 6*u + 1 + u - 2*u. Let c(b) = -4*k(b) + 5*p(b). Give c(-7).
3
Let c(h) = h. Let l = -4 + 10. Let v(b) be the second derivative of b**4/12 - 5*b**3/6 - 4*b**2 + 2*b. Let g be v(l). Give c(g).
-2
Let t(a) = a**2 - a - 10. Let z(i) = -i**3 - i**2 - i + 5. Let s be z(0). Suppose p + s*o = -3*p + 5, 3*p = 4*o - 4. Calculate t(p).
-10
Let w(u) be the first derivative of 2*u**3/3 + u + 44. Suppose 4*k = 9*k + s + 10, 5*s + 6 = -3*k. Give w(k).
9
Let v(b) = -9*b**2 + 6 - 9*b - 9*b**2 - 14*b**2 + 33*b**2. Give v(8).
-2
Let h be 2 + -11 + 2 + 0. Let b(c) = c**2 + 7*c - 3. Let t be b(h). Let v(f) = -f. Calculate v(t).
3
Let y(r) = -1 + 4*r**3 - r + 2 - 2*r**3 - 2*r**2. Let v(z) = z**3 + 7*z**2 + 6. Let p be v(-7). Suppose 3*s - p = -0*s. What is y(s)?
7
Let p(h) be the third derivative of -h**6/120 + h**5/30 + h**4/12 - h**3/6 + h**2. Let n(u) = -2*u - 5. Let t = 0 - 4. Let y be n(t). Give p(y).
-4
Suppose 0*i = -2*i - 8. Let x be -3 - i - 4*1. Let t(l) be the first derivative of l**4/4 + l**3 - l**2/2 - 2*l - 1. What is t(x)?
1
Let t = 5 - 2. Let u = 0 + t. Let j(p) = p**2 - p**2 + 2*p**2 - 3*p - 4. Calculate j(u).
5
Let k(d) be the third derivative of 0 + 2/3*d**3 + 0*d - 1/30*d**5 + d**2 - 1/24*d**4. Give k(-3).
-11
Let g(l) be the second derivative of -l**4/12 + l**3 - 4*l**2 + 32*l. Calculate g(6).
-8
Suppose 0 = 2*j + 2*j - 8. Suppose t = -0 + j. Let n(s) = 16*s - s**t - 10*s + 3 + 0*s**2. What is n(5)?
8
Let k(z) = z**2 - 3*z - 4. Let p = 0 - -3. Give k(p).
-4
Let k(m) = -m**2 + 11*m - 14. Let i(h) = -h**2 + 17*h - 60. Let o be i(10). Give k(o).
-4
Let l(f) = -f + 9. Let z be 8 + -1 + 3 + -5. Let b be l(z). Suppose -4*j - 16 = i + b, i = 5*j + 25. Let d(p) = p**2 - p + 3. Give d(i).
3
Suppose 4*w - 26 - 46 = 0. Suppose 4*k - 4*s = 14 + w, -3*s - 15 = 0. Let q = -8 + k. Let b(p) = -p**3 - 6*p**2 - 6*p - 5. What is b(q)?
0
Let d(c) be the first derivative of -c**4/4 - 2*c**3 + 3*c + 3. Give d(-6).
3
Let v = 8 + -14. Let q(i) = i - 2. Give q(v).
-8
Let o(l) be the second derivative of l**4/12 - 4*l**3/3 + 3*l**2 + l. Give o(5).
-9
Let g(z) = -2*z - 6. Let n(l) = -13*l**2 - 8*l - 13. Let b(j) = -7*j**2 - 4*j - 7. Let u(t) = -11*b(t) + 6*n(t). Let w be u(-5). Give g(w).
6
Let n(h) be the second derivative of -h**3/2 - 6*h + 2. Determine n(1).
-3
Let c(o) = -o**2 + 9*o - 4. Let v(b) = -1. Let w(y) = c(y) - 4*v(y). Determine w(8).
8
Let d(n) = -3*n + 2. Let h be d(1). Let b(g) = -g**2 + 1. What is b(h)?
0
Suppose 4*p - p - 15 = 0. Let i(b) = -5*b**2 - 308*b - b**2 + 311*b + b**3 + 4. Give i(p).
-6
Let i(f) = 14*f + 1. Let l(k) = 7*k. Let w(x) = -2*i(x) + 5*l(x). Determine w(-2).
-16
Let n(l) = -14*l**2 + 17*l + 18. Let s(i) = -5*i**2 + 6*i + 6. Let h(k) = -6*n(k) + 17*s(k). Calculate h(0).
-6
Suppose -4*q - 7 - 17 = 0. Let f(z) = -7 + z**3 - 4*z**2 + 4*z**2 + 5*z + 3*z**2 + 4*z**2. Determine f(q).
-1
Let m(a) = -a**3 + 2*a**2 + a. Let d(f) = -1 - 3*f**2 - 2 - f**3 + 0*f**2 + 6. Let k be d(-3). Determine m(k).
-6
Suppose 5*x = 15 + 20. Let k(o) = 2*o - 10. Give k(x).
4
Let a(d) = d**2 + 4*d. Let l(v) = 2*v**2 + 8*v. Let t(p) = 11*a(p) - 6*l(p). Give t(3).
-21
Let k(r) be the third derivative of -r**5/60 + r**4/6 - r**3/6 + r**2. Let u be 2 - 4/(2 + -3). Let o = -1 + u. Give k(o).
-6
Let k(d) be the first derivative of d**4/4 + d**3 + d**2 + d - 2. Let t = -4 + 7. Suppose -t*q = -3*y + 18, -2*q + y - 9 = -0*q. Give k(q).
-5
Let l(w) be the first derivative of w**3/3 + 7*w**2/2 + 7*w + 12. Give l(-6).
1
Let p(w) = -w + 12. Let m be p(10). Let r(l) be the third derivative of -1/3*l**3 + 1/12*l**4 + 0 + l**2 + 0*l. Calculate r(m).
2
Let y be 117/(-12) + (-4)/16. Let d be 55/(-22)*4/y. Let z(b) = 6*b**2 + b - 1. What is z(d)?
6
Let c(w) be the first derivative of -3*w**2/2 - 6*w + 1. Let n be 2*(7/2 - 2). Suppose -2 = -b - 2*x, -n*x + 21 = -3*b - 0*x. Determine c(b).
6
Let c = 4 + -1. Let n(a) = -a**2 + c + 0 - 7*a - 3. Determine n(-6).
6
Let q = 9 - 9. Let p(d) = 11 - 3 + 0*d - d. Determine p(q).
8
Let d(h) = -2*h**3 + 3*h**2 - h + 1. Let f(s) = -s - 1. Suppose 3*g + 1 = -p - 4, 0 = 4*g + 3*p. Let j be f(g). Give d(j).
-5
Let h(j) be the second derivative of j**5/20 + 2*j**4/3 + 4*j**3/3 + 5*j**2 + 3*j. Determine h(-7).
3
Let w(t) = -2*t**2 + t - 2. Let j(q) = q**2 + 1. Let g(r) = -j(r) - w(r). Give g(2).
3
Let z(b) be the first derivative of b**4/8 + 7*b**3/6 - 9*b**2/2 + 9. Let j(n) be the second derivative of z(n). Determine j(-6).
-11
Let t be (-2)/((-5)/(-4) - 1). Let j = 5 + t. Let y(v) = -v**3 + 2*v**2 + 5*v + 3. Let w(m) = m**2 + m. Let o(r) = 6*w(r) - y(r). What is o(j)?
3
Let s(j) = j**2 - 8*j + 5. Let m be s(5). Let y be m + 9 + -2 + -1. Let w(g) = -g - 2. Determine w(y).
2
Let h(l) = -7*l**2 - 2 - l**3 + 6 + 1 + 2*l. Let g(z) = -5*z**2 + 22*z + 8. Let n be g(5). Give h(n).
-9
Let q = -15 - -15. Let o(z) = z + z**3 - 1 + z**2 - 3*z**2 - 3*z**2 + q*z**2. Determine o(5).
4
Suppose 4*n = -2*y - 2*y + 8, -y - 5*n - 18 = 0. Let r(p) = p**2 - 6*p - 7. Let x be r(y). Let o(q) = -q**3 + q**2 - q - 5. What is o(x)?
-5
Let k = -2 - -3. Let p(h) = -3*h**2 - h. What is p(k)?
-4
Let a be ((-2)/(-3))/(2/(-9)). Let s(i) = -i**2 - i - 1. Let y(c) = c**3 + 4*c**2 + c + 3. Let r(d) = a*s(d) - y(d). Determine r(2).
-8
Let d(n) = -n**2 - n + 46. Let t be d(-7). Let s(c) = 2*c + 1. Determine s(t).
9
Let d(x) be the third derivative of 1/24*x**4 + 0*x - x**3 + 0 + x**2. Let m = -70 - -75. Give d(m).
-1
Let q = 22 + -17. Suppose -q*z = 5*r - 13 - 12, 4*r = -2*z + 10. Let v(k) = -k**3 + k**2 + k + 1. Calculate v(r).
1
Let k(s) = s**2 - 5*s + 1. Let t be k(4). Let i be (-1 - (3 + t))*-5. Let p(x) = x**2 - 6*x + 6. Determine p(i).
1
Let v(z) = -z**2 + 1. Let c(h) = 3*h**3 + h**2 - h + 1. Let r(l) = c(l) - v(l). What is r(1)?
4
Let a(n) = -4*n - 11. Let v(w) = 8*w + 23. Let c(d) = 5*a(d) + 3*v(d). Let r(f) = f + 1. Let p(m) = c(m) - 3*r(m). Calculate p(-6).
5
Let i(o) = 5*o**3 + 12*o**2 - o + 4. Let b(d) = 4*d**3 + 11*d**2 - d + 3. Let u(n) = -6*b(n) + 5*i(n). Give u(6).
8
Let w(p) = p**2 + 4*p + 3. Suppose 0 = 2*r + 17 - 9. What is w(r)?
3
Suppose -d = -3*d. Suppose d = m - 4*m + 9. Let q(n) be the third derivative of -n**4/24 + 9*n**2. Determine q(m).
-3
Let g(l) = -l**3 + l**2 + 3*l - 1. Let x be g(2). Let y(w) = w**2 + 3 - 4*w + 2 + x + 0. Give y(4).
6
Let c(f) = -3*f - 7. Let l(u) = -u - 1. Let a(q) = c(q) - 4*l(q). Calculate a(5).
2
Let q(g) = 2*g**2 + 3*g - 1. Let k be q(-2). Let m(i) = i. Determine m(k).
1
Let h(w) = -w + 2. Let b be (-20)/(-11) - (-4)/22. Suppose 7 = 3*i + b*z, 3*i + 3*z + 1 = -z. Suppose 4*t = 4*x - 24, -2*t + 2 = -5*t - i*x. Determine h(t).
6
Let w(n) = n**2 + 12*n + 3. Let y be w(-12). Suppose 4*t - 7 = -4*k + 9, 0 = -t - y*k. Let j(u) = 4 + 0*u**2 - t - u**2 - u. Determine j(0).
-2
Let j be (-1 - (3 - 3))/1 - -2. Let t(k) = 6*k**3 - k**2 + 2*k - 1. Determine t(j).
6
Let s(o) = -4*o - 5. Let y(q) = 9*q + 11. Let g(r) = -7*s(r) - 3*y(r). What is g(-4)?
-2
Suppose 0 = 18*h - 30*h. Let x(o) be the second derivative of -3*o + 5/2*o**